visor of 4500 and 324.
36
What is the highest common factor of 19327 and 1232?
77
What is the greatest common divisor of 241722 and 260?
26
What is the highest common divisor of 1288 and 1704024?
1288
Calculate the highest common factor of 29724 and 24.
12
Calculate the highest common divisor of 11790 and 36.
18
Calculate the greatest common factor of 52960 and 2080.
160
Calculate the highest common factor of 9510927 and 87.
87
Calculate the highest common divisor of 1760530 and 10.
10
Calculate the highest common factor of 4890 and 3030.
30
What is the greatest common factor of 124 and 3865452?
124
What is the greatest common factor of 1452 and 9922?
242
Calculate the highest common divisor of 11248 and 133.
19
Calculate the greatest common divisor of 6418 and 422.
2
What is the greatest common divisor of 377325 and 225?
225
Calculate the highest common divisor of 174783 and 246.
123
What is the highest common factor of 357458 and 16148?
734
Calculate the greatest common factor of 66 and 515757.
33
What is the greatest common factor of 7567308 and 168?
84
Calculate the greatest common factor of 35 and 2740.
5
Calculate the highest common divisor of 459 and 2187.
27
Calculate the highest common divisor of 73324 and 25852.
92
Calculate the highest common factor of 275188 and 23963.
773
Calculate the highest common factor of 572 and 806.
26
Calculate the highest common divisor of 1401489 and 54.
27
What is the highest common factor of 226666 and 1496?
22
What is the highest common factor of 44536 and 24?
8
Calculate the highest common divisor of 784 and 41848.
8
What is the highest common divisor of 8905 and 455?
65
Calculate the highest common factor of 202 and 29593.
101
Calculate the greatest common factor of 27984 and 96.
48
What is the greatest common divisor of 1585 and 25994?
317
Calculate the greatest common factor of 36296 and 24.
8
Calculate the greatest common divisor of 3690 and 14883.
123
What is the greatest common factor of 413 and 12551?
7
What is the highest common factor of 167450 and 7650?
850
Calculate the greatest common divisor of 216 and 2734392.
24
Calculate the highest common factor of 13209777 and 7.
7
What is the greatest common factor of 4820 and 1130?
10
What is the highest common divisor of 2540699 and 931?
931
Calculate the highest common divisor of 3245 and 70565.
55
What is the highest common divisor of 69407 and 494?
247
Calculate the highest common divisor of 165 and 39985.
55
Calculate the highest common divisor of 5346 and 108.
54
What is the highest common divisor of 400 and 448200?
200
What is the highest common factor of 2737 and 5831?
119
What is the highest common factor of 15 and 1037445?
15
What is the greatest common divisor of 981 and 9701?
109
Calculate the greatest common factor of 2480 and 37665.
155
Calculate the greatest common factor of 3645 and 15309.
729
Calculate the highest common divisor of 664 and 21825016.
664
What is the greatest common factor of 3731 and 181097?
287
What is the greatest common factor of 1955 and 46690?
115
Calculate the highest common divisor of 278789 and 49.
7
Calculate the greatest common divisor of 10 and 591.
1
What is the highest common factor of 168 and 588?
84
Calculate the greatest common divisor of 340083 and 72.
9
What is the highest common divisor of 6625 and 500?
125
What is the highest common divisor of 420 and 42560?
140
What is the highest common divisor of 29664 and 6489?
927
Calculate the greatest common divisor of 51173 and 73.
73
What is the greatest common factor of 250 and 2425?
25
What is the greatest common factor of 9794916 and 12?
12
Calculate the greatest common factor of 72 and 24952.
8
What is the greatest common divisor of 25709 and 14769?
547
Calculate the highest common divisor of 2926 and 6622.
154
What is the highest common divisor of 2605 and 365?
5
Calculate the highest common factor of 130 and 467636.
26
What is the greatest common divisor of 2556 and 1530?
18
Calculate the highest common factor of 869 and 19008.
11
Calculate the highest common factor of 6000 and 72.
24
What is the greatest common divisor of 192 and 17844?
12
What is the highest common factor of 5980 and 46800?
260
What is the greatest common factor of 21 and 59745?
21
What is the greatest common factor of 287045 and 110?
55
Calculate the greatest common divisor of 2680 and 15.
5
Calculate the greatest common divisor of 14530 and 180.
10
What is the highest common divisor of 1177 and 187?
11
What is the greatest common factor of 75 and 243900?
75
What is the greatest common divisor of 2610 and 54?
18
What is the highest common factor of 2622 and 1266?
6
Calculate the highest common divisor of 3577 and 20335.
49
What is the greatest common divisor of 426 and 74337?
213
Calculate the greatest common factor of 34866 and 312.
78
Calculate the greatest common factor of 20139 and 8918.
49
What is the greatest common factor of 43098 and 330?
66
Calculate the greatest common factor of 2565 and 9291.
57
What is the highest common divisor of 3912 and 1632?
24
What is the highest common divisor of 1071043 and 302?
151
Calculate the highest common factor of 1248 and 1430.
26
Calculate the greatest common divisor of 822440 and 20.
20
Calculate the highest common factor of 1016 and 424.
8
Calculate the greatest common divisor of 51686 and 172.
86
Calculate the greatest common factor of 24 and 38856.
24
Calculate the greatest common factor of 38 and 562.
2
What is the greatest common divisor of 1348 and 32?
4
Calculate the highest common factor of 501 and 1602532.
167
What is the greatest common factor of 25 and 1212265?
5
Calculate the greatest common divisor of 36920 and 213.
71
Calculate the greatest common divisor of 14118 and 286.
26
Calculate the highest common divisor of 571620 and 285.
15
What is the greatest common divisor of 221641 and 35?
7
Calculate the highest common factor of 594 and 2992968.
198
What is the highest common factor of 3224 and 67828?
124
Calculate the highest common divisor of 104 and 146552.
8
Calculate the highest common divisor of 66 and 18953.
11
What is the highest common factor of 3411167 and 2126?
1063
What is the greatest common divisor of 27445 and 209?
11
What is the greatest common factor of 696 and 512088?
24
What is the greatest common factor of 61005 and 830?
415
What is the greatest common factor of 84798 and 1008?
126
Calculate the greatest common factor of 2288 and 516230.
286
What is the greatest common factor of 8256 and 83076?
516
What is the highest common divisor of 17 and 313531?
17
Calculate the highest common divisor of 22833 and 2967.
129
Calculate the greatest common factor of 1869 and 17163027.
1869
Calculate the greatest common factor of 288 and 3222.
18
Calculate the greatest common factor of 683 and 4664207.
683
Calculate the highest common divisor of 2737 and 368.
23
Calculate the highest common divisor of 22536 and 16.
8
What is the highest common divisor of 1000 and 12250?
250
Calculate the greatest common divisor of 49200 and 67404.
492
Calculate the greatest common divisor of 2134037 and 5932.
1483
Calculate the greatest common divisor of 672 and 5733.
21
What is the highest common factor of 4381 and 11795?
337
Calculate the highest common factor of 3672 and 8802.
54
What is the highest common factor of 154178 and 254?
254
Calculate the greatest common factor of 27207 and 72.
9
Calculate the highest common divisor of 826 and 1298.
118
Calculate the greatest common divisor of 1386 and 954.
18
Calculate the highest common factor of 108 and 13344.
12
What is the highest common factor of 16 and 406412?
4
Calculate the highest common divisor of 9889 and 112375.
899
What is the highest common factor of 253 and 913?
11
Calculate the highest common divisor of 2004 and 768.
12
What is the greatest common factor of 180630 and 5575?
1115
Calculate the greatest common divisor of 7 and 19446.
7
Calculate the greatest common factor of 8332434 and 198.
198
Calculate the greatest common factor of 980 and 38620.
20
Calculate the highest common factor of 146446 and 2886.
74
Calculate the greatest common factor of 33 and 31713.
33
What is the highest common divisor of 39528 and 3599?
61
Calculate the greatest common factor of 8651